{"id":7881,"date":"2024-04-05T12:29:46","date_gmt":"2024-04-05T12:29:46","guid":{"rendered":"https:\/\/www.visitsulkava.fi\/nahtavyydet\/molkerei\/"},"modified":"2024-04-05T12:29:46","modified_gmt":"2024-04-05T12:29:46","slug":"molkerei","status":"publish","type":"nahtavyydet","link":"https:\/\/www.visitsulkava.fi\/de\/nahtavyydet\/molkerei\/","title":{"rendered":"Molkerei"},"content":{"rendered":"\n<p>Ende des 19. Jahrhunderts gr\u00fcndeten die Sulkava-Hausherren in diesem Haus eine dampfbetriebene Molkerei. Es war die beste Molkerei im gesamten Landkreis Mikkeli, sowohl hinsichtlich der Produktionsmenge als auch der Qualit\u00e4t. In einem Monat produzierte die Molkerei rund 5.000 Kilo Butter. <\/p>\n\n<h2 class=\"wp-block-heading\">Neuer Zweck<\/h2>\n\n<p>Trotz der guten Qualit\u00e4t und Quantit\u00e4t der Produkte war das Unternehmen nicht sehr profitabel und bereits 1909 ging das es in Konkurs. Danach kaufte die Sulkava Kirchengemeinde die Geb\u00e4ude und renovierte sie komplett und wurde 1922 als Gemeindehaus eingeweiht. Das Geb\u00e4ude wurde 1922 als Gemeindehaus eingeweiht und um einen Gottesdienstsaal und Vereinsr\u00e4ume sowie um Wohnungen f\u00fcr den Hausmeister und die Diakonisse erweitert.<\/p>\n\n<p>Das Geb\u00e4ude erhielt 1974 einen neuen Zweck, als das es zum Industriegel\u00e4nde von Nahka Oy umgebaut wurde. Danach diente jenes als Fabrik- und Ladenlokal von Marimekko. Heute beherbergt das Geb\u00e4ude im Sommer einen Marimekko-Pop-up-Store.<\/p>\n\n<figure class=\"wp-block-image size-full\"><img fetchpriority=\"high\" decoding=\"async\" width=\"275\" height=\"183\" src=\"https:\/\/www.visitsulkava.fi\/wp-content\/uploads\/2022\/04\/Marimekko.jpg\" alt=\"\" class=\"wp-image-3454\"\/><\/figure>\n","protected":false},"excerpt":{"rendered":"<p>Ende des 19. Jahrhunderts gr\u00fcndeten die Sulkava-Hausherren in diesem Haus eine dampfbetriebene Molkerei. Es war die beste Molkerei im gesamten Landkreis Mikkeli, sowohl hinsichtlich der Produktionsmenge als auch der Qualit\u00e4t. In einem Monat produzierte die Molkerei rund 5.000 Kilo Butter. Neuer Zweck Trotz der guten Qualit\u00e4t und Quantit\u00e4t der Produkte war das Unternehmen nicht sehr [&hellip;]<\/p>\n","protected":false},"featured_media":7882,"parent":0,"template":"","meta":{"_acf_changed":false,"site-sidebar-layout":"default","site-content-layout":"","ast-site-content-layout":"default","site-content-style":"default","site-sidebar-style":"default","ast-global-header-display":"","ast-banner-title-visibility":"","ast-main-header-display":"","ast-hfb-above-header-display":"","ast-hfb-below-header-display":"","ast-hfb-mobile-header-display":"","site-post-title":"","ast-breadcrumbs-content":"","ast-featured-img":"","footer-sml-layout":"","ast-disable-related-posts":"","theme-transparent-header-meta":"","adv-header-id-meta":"","stick-header-meta":"","header-above-stick-meta":"","header-main-stick-meta":"","header-below-stick-meta":"","astra-migrate-meta-layouts":"default","ast-page-background-enabled":"default","ast-page-background-meta":{"desktop":{"background-color":"var(--ast-global-color-4)","background-image":"","background-repeat":"repeat","background-position":"center center","background-size":"auto","background-attachment":"scroll","background-type":"","background-media":"","overlay-type":"","overlay-color":"","overlay-opacity":"","overlay-gradient":""},"tablet":{"background-color":"","background-image":"","background-repeat":"repeat","background-position":"center center","background-size":"auto","background-attachment":"scroll","background-type":"","background-media":"","overlay-type":"","overlay-color":"","overlay-opacity":"","overlay-gradient":""},"mobile":{"background-color":"","background-image":"","background-repeat":"repeat","background-position":"center center","background-size":"auto","background-attachment":"scroll","background-type":"","background-media":"","overlay-type":"","overlay-color":"","overlay-opacity":"","overlay-gradient":""}},"ast-content-background-meta":{"desktop":{"background-color":"var(--ast-global-color-5)","background-image":"","background-repeat":"repeat","background-position":"center center","background-size":"auto","background-attachment":"scroll","background-type":"","background-media":"","overlay-type":"","overlay-color":"","overlay-opacity":"","overlay-gradient":""},"tablet":{"background-color":"var(--ast-global-color-5)","background-image":"","background-repeat":"repeat","background-position":"center center","background-size":"auto","background-attachment":"scroll","background-type":"","background-media":"","overlay-type":"","overlay-color":"","overlay-opacity":"","overlay-gradient":""},"mobile":{"background-color":"var(--ast-global-color-5)","background-image":"","background-repeat":"repeat","background-position":"center center","background-size":"auto","background-attachment":"scroll","background-type":"","background-media":"","overlay-type":"","overlay-color":"","overlay-opacity":"","overlay-gradient":""}}},"categories":[305],"avainsanat":[304],"nahtavyystyyppi":[449],"class_list":["post-7881","nahtavyydet","type-nahtavyydet","status-publish","has-post-thumbnail","hentry","category-geschichten","avainsanat-geschichten-aus-der-alanteentie-strase","nahtavyystyyppi-tarinat-de"],"acf":[],"_links":{"self":[{"href":"https:\/\/www.visitsulkava.fi\/de\/wp-json\/wp\/v2\/nahtavyydet\/7881","targetHints":{"allow":["GET"]}}],"collection":[{"href":"https:\/\/www.visitsulkava.fi\/de\/wp-json\/wp\/v2\/nahtavyydet"}],"about":[{"href":"https:\/\/www.visitsulkava.fi\/de\/wp-json\/wp\/v2\/types\/nahtavyydet"}],"version-history":[{"count":1,"href":"https:\/\/www.visitsulkava.fi\/de\/wp-json\/wp\/v2\/nahtavyydet\/7881\/revisions"}],"predecessor-version":[{"id":7884,"href":"https:\/\/www.visitsulkava.fi\/de\/wp-json\/wp\/v2\/nahtavyydet\/7881\/revisions\/7884"}],"wp:featuredmedia":[{"embeddable":true,"href":"https:\/\/www.visitsulkava.fi\/de\/wp-json\/wp\/v2\/media\/7882"}],"wp:attachment":[{"href":"https:\/\/www.visitsulkava.fi\/de\/wp-json\/wp\/v2\/media?parent=7881"}],"wp:term":[{"taxonomy":"category","embeddable":true,"href":"https:\/\/www.visitsulkava.fi\/de\/wp-json\/wp\/v2\/categories?post=7881"},{"taxonomy":"avainsanat","embeddable":true,"href":"https:\/\/www.visitsulkava.fi\/de\/wp-json\/wp\/v2\/avainsanat?post=7881"},{"taxonomy":"nahtavyystyyppi","embeddable":true,"href":"https:\/\/www.visitsulkava.fi\/de\/wp-json\/wp\/v2\/nahtavyystyyppi?post=7881"}],"curies":[{"name":"wp","href":"https:\/\/api.w.org\/{rel}","templated":true}]}}

<p>Ende des 19. Jahrhunderts gründeten die Sulkava-Hausherren in diesem Haus eine dampfbetriebene Molkerei. Es war die beste Molkerei im gesamten Landkreis Mikkeli, sowohl hinsichtlich der Produktionsmenge als auch der Qualität. In einem Monat produzierte die Molkerei rund 5.000 Kilo Butter. </p>

<h2 class="wp-block-heading">Neuer Zweck</h2>

<p>Trotz der guten Qualität und Quantität der Produkte war das Unternehmen nicht sehr profitabel und bereits 1909 ging das es in Konkurs. Danach kaufte die Sulkava Kirchengemeinde die Gebäude und renovierte sie komplett und wurde 1922 als Gemeindehaus eingeweiht. Das Gebäude wurde 1922 als Gemeindehaus eingeweiht und um einen Gottesdienstsaal und Vereinsräume sowie um Wohnungen für den Hausmeister und die Diakonisse erweitert.</p>

<p>Das Gebäude erhielt 1974 einen neuen Zweck, als das es zum Industriegelände von Nahka Oy umgebaut wurde. Danach diente jenes als Fabrik- und Ladenlokal von Marimekko. Heute beherbergt das Gebäude im Sommer einen Marimekko-Pop-up-Store.</p>

<figure class="wp-block-image size-full"><img fetchpriority="high" decoding="async" width="275" height="183" src="https://www.visitsulkava.fi/wp-content/uploads/2022/04/Marimekko.jpg" alt="" class="wp-image-3454"/></figure>

<p>Ende des 19. Jahrhunderts gründeten die Sulkava-Hausherren in diesem Haus eine dampfbetriebene Molkerei. Es war die beste Molkerei im gesamten Landkreis Mikkeli, sowohl hinsichtlich der Produktionsmenge als auch der Qualität. In einem Monat produzierte die Molkerei rund 5.000 Kilo Butter. Neuer Zweck Trotz der guten Qualität und Quantität der Produkte war das Unternehmen nicht sehr [&hellip;]</p>
